

{"id":23095,"date":"2022-08-25T11:47:15","date_gmt":"2022-08-25T08:47:15","guid":{"rendered":"https:\/\/kinnunen.fi\/?post_type=product&#038;p=23095"},"modified":"2026-05-01T04:00:05","modified_gmt":"2026-05-01T01:00:05","slug":"zone-kampaamotuoli","status":"publish","type":"product","link":"https:\/\/kinnunen.fi\/en\/product\/zone-kampaamotuoli\/","title":{"rendered":"Zone salon chair"},"content":{"rendered":"<p>Stylish and spacious salon chair with a flat disc foot equipped with a lockable hydraulic pump. This chair is also available in models with a flat square foot in addition to the lockable hydraulic pump. The unique multi-layered upholstery ensures the best possible seating comfort and the design is suitable for a salon like salon. Seat width 70 cm, seat height 47-66 cm, seat depth 60 cm. You can choose from a wide range of chair designs. This chair is also available with star and disc legs. This product is made to measure in Italy. Delivery time 5 - 8 weeks.<\/p>\n<p>Available accessories:<\/p>\n<ul>\n<li>Footrest<\/li>\n<li>Tenkinen level<\/li>\n<li>Matt black finish on the foot and pump<\/li>\n<li>Gold finish on the foot and pump<\/li>\n<\/ul>","protected":false},"excerpt":{"rendered":"<p>Stylish and spacious salon chair with a flat disc foot equipped with a lockable hydraulic pump. Seat width 70 cm, seat height 47-66 cm, seat depth 60 cm.<\/p>","protected":false},"featured_media":23097,"comment_status":"closed","ping_status":"closed","template":"","meta":{"_relevanssi_hide_post":"","_relevanssi_pin_for_all":"","_relevanssi_pin_keywords":"","_relevanssi_unpin_keywords":"","_relevanssi_related_keywords":"","_relevanssi_related_include_ids":"","_relevanssi_related_exclude_ids":"","_relevanssi_related_no_append":"","_relevanssi_related_not_related":"","_relevanssi_related_posts":"","_relevanssi_noindex_reason":""},"product_cat":[1838,1841],"product_tag":[],"class_list":["post-23095","product","type-product","status-publish","has-post-thumbnail","hentry","product_cat-kalusteet","product_cat-kampaamotuolit","pa_minimi-istuinkorkeus-44-cm","pa_ominaisuudet-valmistettu-euroopassa","tuotemerkki-pietranera"],"tuotemerkit":[{"term_id":282,"name":"Pietranera","slug":"pietranera","term_group":0,"term_taxonomy_id":282,"taxonomy":"tuotemerkki","description":"","parent":0,"count":46,"filter":"raw"}],"acf":[],"yoast_head":"<!-- This site is optimized with the Yoast SEO plugin v23.3 - https:\/\/yoast.com\/wordpress\/plugins\/seo\/ -->\n<title>Zone-kampaamotuoli - Kinnunen<\/title>\n<meta name=\"robots\" content=\"index, follow, max-snippet:-1, max-image-preview:large, max-video-preview:-1\" \/>\n<link rel=\"canonical\" href=\"https:\/\/kinnunen.fi\/en\/product\/zone-kampaamotuoli\/\" \/>\n<meta property=\"og:locale\" content=\"en_GB\" \/>\n<meta property=\"og:type\" content=\"article\" \/>\n<meta property=\"og:title\" content=\"Zone-kampaamotuoli - Kinnunen\" \/>\n<meta property=\"og:description\" content=\"Tyylik\u00e4s ja tilava kampaamotuoli litte\u00e4ll\u00e4 kiekkojalalla, joka on varustettu lukittavalla hydraulisella pumpulla. Istuimen leveys 70 cm, istuinkorkorkeus 47-66 cm istuimen syvyys 60 cm.\" \/>\n<meta property=\"og:url\" content=\"https:\/\/kinnunen.fi\/en\/product\/zone-kampaamotuoli\/\" \/>\n<meta property=\"og:site_name\" content=\"Kinnunen\" \/>\n<meta property=\"article:modified_time\" content=\"2026-05-01T01:00:05+00:00\" \/>\n<meta property=\"og:image\" content=\"https:\/\/kinnunen.fi\/wp-content\/uploads\/2022\/08\/Pietranera_zone.jpg\" \/>\n\t<meta property=\"og:image:width\" content=\"1000\" \/>\n\t<meta property=\"og:image:height\" content=\"1000\" \/>\n\t<meta property=\"og:image:type\" content=\"image\/jpeg\" \/>\n<meta name=\"twitter:card\" content=\"summary_large_image\" \/>\n<meta name=\"twitter:label1\" content=\"Estimated reading time\" \/>\n\t<meta name=\"twitter:data1\" content=\"1 minute\" \/>\n<script type=\"application\/ld+json\" class=\"yoast-schema-graph\">{\"@context\":\"https:\/\/schema.org\",\"@graph\":[{\"@type\":\"WebPage\",\"@id\":\"https:\/\/kinnunen.fi\/tuote\/zone-kampaamotuoli\/\",\"url\":\"https:\/\/kinnunen.fi\/tuote\/zone-kampaamotuoli\/\",\"name\":\"Zone-kampaamotuoli - Kinnunen\",\"isPartOf\":{\"@id\":\"https:\/\/kinnunen.fi\/#website\"},\"primaryImageOfPage\":{\"@id\":\"https:\/\/kinnunen.fi\/tuote\/zone-kampaamotuoli\/#primaryimage\"},\"image\":{\"@id\":\"https:\/\/kinnunen.fi\/tuote\/zone-kampaamotuoli\/#primaryimage\"},\"thumbnailUrl\":\"https:\/\/kinnunen.fi\/wp-content\/uploads\/2022\/08\/Pietranera_zone.jpg\",\"datePublished\":\"2022-08-25T08:47:15+00:00\",\"dateModified\":\"2026-05-01T01:00:05+00:00\",\"breadcrumb\":{\"@id\":\"https:\/\/kinnunen.fi\/tuote\/zone-kampaamotuoli\/#breadcrumb\"},\"inLanguage\":\"en-GB\",\"potentialAction\":[{\"@type\":\"ReadAction\",\"target\":[\"https:\/\/kinnunen.fi\/tuote\/zone-kampaamotuoli\/\"]}]},{\"@type\":\"ImageObject\",\"inLanguage\":\"en-GB\",\"@id\":\"https:\/\/kinnunen.fi\/tuote\/zone-kampaamotuoli\/#primaryimage\",\"url\":\"https:\/\/kinnunen.fi\/wp-content\/uploads\/2022\/08\/Pietranera_zone.jpg\",\"contentUrl\":\"https:\/\/kinnunen.fi\/wp-content\/uploads\/2022\/08\/Pietranera_zone.jpg\",\"width\":1000,\"height\":1000},{\"@type\":\"BreadcrumbList\",\"@id\":\"https:\/\/kinnunen.fi\/tuote\/zone-kampaamotuoli\/#breadcrumb\",\"itemListElement\":[{\"@type\":\"ListItem\",\"position\":1,\"name\":\"Etusivu\",\"item\":\"https:\/\/kinnunen.fi\/\"},{\"@type\":\"ListItem\",\"position\":2,\"name\":\"Kaikki tuotteet\",\"item\":\"https:\/\/kinnunen.fi\/kauppa\/\"},{\"@type\":\"ListItem\",\"position\":3,\"name\":\"Kalusteet\",\"item\":\"https:\/\/kinnunen.fi\/tuote-osasto\/kalusteet\/\"},{\"@type\":\"ListItem\",\"position\":4,\"name\":\"Kampaamotuolit\",\"item\":\"https:\/\/kinnunen.fi\/tuote-osasto\/kalusteet\/kampaamotuolit\/\"},{\"@type\":\"ListItem\",\"position\":5,\"name\":\"Zone-kampaamotuoli\"}]},{\"@type\":\"WebSite\",\"@id\":\"https:\/\/kinnunen.fi\/#website\",\"url\":\"https:\/\/kinnunen.fi\/\",\"name\":\"Kinnunen\",\"description\":\"\",\"potentialAction\":[{\"@type\":\"SearchAction\",\"target\":{\"@type\":\"EntryPoint\",\"urlTemplate\":\"https:\/\/kinnunen.fi\/?s={search_term_string}\"},\"query-input\":\"required name=search_term_string\"}],\"inLanguage\":\"en-GB\"}]}<\/script>\n<!-- \/ Yoast SEO plugin. -->","yoast_head_json":{"title":"Zone-kampaamotuoli - Kinnunen","robots":{"index":"index","follow":"follow","max-snippet":"max-snippet:-1","max-image-preview":"max-image-preview:large","max-video-preview":"max-video-preview:-1"},"canonical":"https:\/\/kinnunen.fi\/en\/product\/zone-kampaamotuoli\/","og_locale":"en_GB","og_type":"article","og_title":"Zone-kampaamotuoli - Kinnunen","og_description":"Tyylik\u00e4s ja tilava kampaamotuoli litte\u00e4ll\u00e4 kiekkojalalla, joka on varustettu lukittavalla hydraulisella pumpulla. Istuimen leveys 70 cm, istuinkorkorkeus 47-66 cm istuimen syvyys 60 cm.","og_url":"https:\/\/kinnunen.fi\/en\/product\/zone-kampaamotuoli\/","og_site_name":"Kinnunen","article_modified_time":"2026-05-01T01:00:05+00:00","og_image":[{"width":1000,"height":1000,"url":"https:\/\/kinnunen.fi\/wp-content\/uploads\/2022\/08\/Pietranera_zone.jpg","type":"image\/jpeg"}],"twitter_card":"summary_large_image","twitter_misc":{"Estimated reading time":"1 minute"},"schema":{"@context":"https:\/\/schema.org","@graph":[{"@type":"WebPage","@id":"https:\/\/kinnunen.fi\/tuote\/zone-kampaamotuoli\/","url":"https:\/\/kinnunen.fi\/tuote\/zone-kampaamotuoli\/","name":"Zone-kampaamotuoli - Kinnunen","isPartOf":{"@id":"https:\/\/kinnunen.fi\/#website"},"primaryImageOfPage":{"@id":"https:\/\/kinnunen.fi\/tuote\/zone-kampaamotuoli\/#primaryimage"},"image":{"@id":"https:\/\/kinnunen.fi\/tuote\/zone-kampaamotuoli\/#primaryimage"},"thumbnailUrl":"https:\/\/kinnunen.fi\/wp-content\/uploads\/2022\/08\/Pietranera_zone.jpg","datePublished":"2022-08-25T08:47:15+00:00","dateModified":"2026-05-01T01:00:05+00:00","breadcrumb":{"@id":"https:\/\/kinnunen.fi\/tuote\/zone-kampaamotuoli\/#breadcrumb"},"inLanguage":"en-GB","potentialAction":[{"@type":"ReadAction","target":["https:\/\/kinnunen.fi\/tuote\/zone-kampaamotuoli\/"]}]},{"@type":"ImageObject","inLanguage":"en-GB","@id":"https:\/\/kinnunen.fi\/tuote\/zone-kampaamotuoli\/#primaryimage","url":"https:\/\/kinnunen.fi\/wp-content\/uploads\/2022\/08\/Pietranera_zone.jpg","contentUrl":"https:\/\/kinnunen.fi\/wp-content\/uploads\/2022\/08\/Pietranera_zone.jpg","width":1000,"height":1000},{"@type":"BreadcrumbList","@id":"https:\/\/kinnunen.fi\/tuote\/zone-kampaamotuoli\/#breadcrumb","itemListElement":[{"@type":"ListItem","position":1,"name":"Etusivu","item":"https:\/\/kinnunen.fi\/"},{"@type":"ListItem","position":2,"name":"Kaikki tuotteet","item":"https:\/\/kinnunen.fi\/kauppa\/"},{"@type":"ListItem","position":3,"name":"Kalusteet","item":"https:\/\/kinnunen.fi\/tuote-osasto\/kalusteet\/"},{"@type":"ListItem","position":4,"name":"Kampaamotuolit","item":"https:\/\/kinnunen.fi\/tuote-osasto\/kalusteet\/kampaamotuolit\/"},{"@type":"ListItem","position":5,"name":"Zone-kampaamotuoli"}]},{"@type":"WebSite","@id":"https:\/\/kinnunen.fi\/#website","url":"https:\/\/kinnunen.fi\/","name":"Kinnunen","description":"","potentialAction":[{"@type":"SearchAction","target":{"@type":"EntryPoint","urlTemplate":"https:\/\/kinnunen.fi\/?s={search_term_string}"},"query-input":"required name=search_term_string"}],"inLanguage":"en-GB"}]}},"_links":{"self":[{"href":"https:\/\/kinnunen.fi\/en\/wp-json\/wp\/v2\/product\/23095"}],"collection":[{"href":"https:\/\/kinnunen.fi\/en\/wp-json\/wp\/v2\/product"}],"about":[{"href":"https:\/\/kinnunen.fi\/en\/wp-json\/wp\/v2\/types\/product"}],"replies":[{"embeddable":true,"href":"https:\/\/kinnunen.fi\/en\/wp-json\/wp\/v2\/comments?post=23095"}],"wp:featuredmedia":[{"embeddable":true,"href":"https:\/\/kinnunen.fi\/en\/wp-json\/wp\/v2\/media\/23097"}],"wp:attachment":[{"href":"https:\/\/kinnunen.fi\/en\/wp-json\/wp\/v2\/media?parent=23095"}],"wp:term":[{"taxonomy":"product_cat","embeddable":true,"href":"https:\/\/kinnunen.fi\/en\/wp-json\/wp\/v2\/product_cat?post=23095"},{"taxonomy":"product_tag","embeddable":true,"href":"https:\/\/kinnunen.fi\/en\/wp-json\/wp\/v2\/product_tag?post=23095"}],"curies":[{"name":"wp","href":"https:\/\/api.w.org\/{rel}","templated":true}]}}

<!-- This site is optimized with the Yoast SEO plugin v23.3 - https://yoast.com/wordpress/plugins/seo/ -->
<title>Zone-kampaamotuoli - Kinnunen</title>
<meta name="robots" content="index, follow, max-snippet:-1, max-image-preview:large, max-video-preview:-1" />
<link rel="canonical" href="https://kinnunen.fi/en/product/zone-kampaamotuoli/" />
<meta property="og:locale" content="en_GB" />
<meta property="og:type" content="article" />
<meta property="og:title" content="Zone-kampaamotuoli - Kinnunen" />
<meta property="og:description" content="Tyylikäs ja tilava kampaamotuoli litteällä kiekkojalalla, joka on varustettu lukittavalla hydraulisella pumpulla. Istuimen leveys 70 cm, istuinkorkorkeus 47-66 cm istuimen syvyys 60 cm." />
<meta property="og:url" content="https://kinnunen.fi/en/product/zone-kampaamotuoli/" />
<meta property="og:site_name" content="Kinnunen" />
<meta property="article:modified_time" content="2026-05-01T01:00:05+00:00" />
<meta property="og:image" content="https://kinnunen.fi/wp-content/uploads/2022/08/Pietranera_zone.jpg" />
	<meta property="og:image:width" content="1000" />
	<meta property="og:image:height" content="1000" />
	<meta property="og:image:type" content="image/jpeg" />
<meta name="twitter:card" content="summary_large_image" />
<meta name="twitter:label1" content="Estimated reading time" />
	<meta name="twitter:data1" content="1 minute" />
<script type="application/ld+json" class="yoast-schema-graph">{"@context":"https://schema.org","@graph":[{"@type":"WebPage","@id":"https://kinnunen.fi/tuote/zone-kampaamotuoli/","url":"https://kinnunen.fi/tuote/zone-kampaamotuoli/","name":"Zone-kampaamotuoli - Kinnunen","isPartOf":{"@id":"https://kinnunen.fi/#website"},"primaryImageOfPage":{"@id":"https://kinnunen.fi/tuote/zone-kampaamotuoli/#primaryimage"},"image":{"@id":"https://kinnunen.fi/tuote/zone-kampaamotuoli/#primaryimage"},"thumbnailUrl":"https://kinnunen.fi/wp-content/uploads/2022/08/Pietranera_zone.jpg","datePublished":"2022-08-25T08:47:15+00:00","dateModified":"2026-05-01T01:00:05+00:00","breadcrumb":{"@id":"https://kinnunen.fi/tuote/zone-kampaamotuoli/#breadcrumb"},"inLanguage":"en-GB","potentialAction":[{"@type":"ReadAction","target":["https://kinnunen.fi/tuote/zone-kampaamotuoli/"]}]},{"@type":"ImageObject","inLanguage":"en-GB","@id":"https://kinnunen.fi/tuote/zone-kampaamotuoli/#primaryimage","url":"https://kinnunen.fi/wp-content/uploads/2022/08/Pietranera_zone.jpg","contentUrl":"https://kinnunen.fi/wp-content/uploads/2022/08/Pietranera_zone.jpg","width":1000,"height":1000},{"@type":"BreadcrumbList","@id":"https://kinnunen.fi/tuote/zone-kampaamotuoli/#breadcrumb","itemListElement":[{"@type":"ListItem","position":1,"name":"Etusivu","item":"https://kinnunen.fi/"},{"@type":"ListItem","position":2,"name":"Kaikki tuotteet","item":"https://kinnunen.fi/kauppa/"},{"@type":"ListItem","position":3,"name":"Kalusteet","item":"https://kinnunen.fi/tuote-osasto/kalusteet/"},{"@type":"ListItem","position":4,"name":"Kampaamotuolit","item":"https://kinnunen.fi/tuote-osasto/kalusteet/kampaamotuolit/"},{"@type":"ListItem","position":5,"name":"Zone-kampaamotuoli"}]},{"@type":"WebSite","@id":"https://kinnunen.fi/#website","url":"https://kinnunen.fi/","name":"Kinnunen","description":"","potentialAction":[{"@type":"SearchAction","target":{"@type":"EntryPoint","urlTemplate":"https://kinnunen.fi/?s={search_term_string}"},"query-input":"required name=search_term_string"}],"inLanguage":"en-GB"}]}</script>
<!-- / Yoast SEO plugin. -->

Tyylikäs ja tilava kampaamotuoli litteällä kiekkojalalla, joka on varustettu lukittavalla hydraulisella pumpulla. Istuimen leveys 70 cm, istuinkorkorkeus 47-66 cm istuimen syvyys 60 cm.
