

{"id":34511,"date":"2024-02-08T10:44:21","date_gmt":"2024-02-08T08:44:21","guid":{"rendered":"https:\/\/kinnunen.fi\/?post_type=product&#038;p=34511"},"modified":"2026-04-29T08:42:11","modified_gmt":"2026-04-29T05:42:11","slug":"reikavalkki-115cm","status":"publish","type":"product","link":"https:\/\/kinnunen.fi\/en\/product\/reikavalkki-115cm\/","title":{"rendered":"Perforated white, 11,5cm, different colours"},"content":{"rendered":"","protected":false},"excerpt":{"rendered":"<p>Make the perfect ballerina tutu! This popular white is shaped like a doughnut. Place the wig at the root of the bun and spread the hair over it, then use pins to secure the tops to the root of the bun. The diameter of the perforated cast is 11,5 cm.<\/p>","protected":false},"featured_media":34536,"comment_status":"closed","ping_status":"closed","template":"","meta":{"_relevanssi_hide_post":"","_relevanssi_pin_for_all":"","_relevanssi_pin_keywords":"","_relevanssi_unpin_keywords":"","_relevanssi_related_keywords":"","_relevanssi_related_include_ids":"","_relevanssi_related_exclude_ids":"","_relevanssi_related_no_append":"","_relevanssi_related_not_related":"","_relevanssi_related_posts":"","_relevanssi_noindex_reason":""},"product_cat":[1762,1822,1826],"product_tag":[],"class_list":["post-34511","product","type-product","status-publish","has-post-thumbnail","hentry","product_cat-tarvikkeet","product_cat-kampaustarvikkeet","product_cat-valkit","pa_vari-musta","pa_vari-ruskea","pa_vari-vaalea","tuotemerkki-labor-pro"],"tuotemerkit":[{"term_id":2197,"name":"Labor Pro","slug":"labor-pro","term_group":0,"term_taxonomy_id":2197,"taxonomy":"tuotemerkki","description":"","parent":0,"count":9,"filter":"raw"}],"acf":[],"yoast_head":"<!-- This site is optimized with the Yoast SEO plugin v23.3 - https:\/\/yoast.com\/wordpress\/plugins\/seo\/ -->\n<title>Reik\u00e4valkki, 11,5cm, eri v\u00e4rej\u00e4 - Kinnunen<\/title>\n<meta name=\"robots\" content=\"index, follow, max-snippet:-1, max-image-preview:large, max-video-preview:-1\" \/>\n<link rel=\"canonical\" href=\"https:\/\/kinnunen.fi\/en\/product\/reikavalkki-115cm\/\" \/>\n<meta property=\"og:locale\" content=\"en_GB\" \/>\n<meta property=\"og:type\" content=\"article\" \/>\n<meta property=\"og:title\" content=\"Reik\u00e4valkki, 11,5cm, eri v\u00e4rej\u00e4 - Kinnunen\" \/>\n<meta property=\"og:description\" content=\"Tee t\u00e4ydellinen balleriinanuttura! T\u00e4m\u00e4 suosittu valkki on muotoiltu donitsin muotoiseksi. Asettele valkki ponnarin juureen ja levit\u00e4 hiukset sen p\u00e4\u00e4lle, jonka j\u00e4lkeen latvat kiinnitet\u00e4\u00e4n pinneill\u00e4 nutturan juureen. Reik\u00e4valkin halkaisija 11,5 cm.\" \/>\n<meta property=\"og:url\" content=\"https:\/\/kinnunen.fi\/en\/product\/reikavalkki-115cm\/\" \/>\n<meta property=\"og:site_name\" content=\"Kinnunen\" \/>\n<meta property=\"article:modified_time\" content=\"2026-04-29T05:42:11+00:00\" \/>\n<meta property=\"og:image\" content=\"https:\/\/kinnunen.fi\/wp-content\/uploads\/2024\/02\/donitsi_115cm_group.jpg\" \/>\n\t<meta property=\"og:image:width\" content=\"1500\" \/>\n\t<meta property=\"og:image:height\" content=\"1500\" \/>\n\t<meta property=\"og:image:type\" content=\"image\/jpeg\" \/>\n<meta name=\"twitter:card\" content=\"summary_large_image\" \/>\n<script type=\"application\/ld+json\" class=\"yoast-schema-graph\">{\"@context\":\"https:\/\/schema.org\",\"@graph\":[{\"@type\":\"WebPage\",\"@id\":\"https:\/\/kinnunen.fi\/tuote\/reikavalkki-115cm\/\",\"url\":\"https:\/\/kinnunen.fi\/tuote\/reikavalkki-115cm\/\",\"name\":\"Reik\u00e4valkki, 11,5cm, eri v\u00e4rej\u00e4 - Kinnunen\",\"isPartOf\":{\"@id\":\"https:\/\/kinnunen.fi\/#website\"},\"primaryImageOfPage\":{\"@id\":\"https:\/\/kinnunen.fi\/tuote\/reikavalkki-115cm\/#primaryimage\"},\"image\":{\"@id\":\"https:\/\/kinnunen.fi\/tuote\/reikavalkki-115cm\/#primaryimage\"},\"thumbnailUrl\":\"https:\/\/kinnunen.fi\/wp-content\/uploads\/2024\/02\/donitsi_115cm_group.jpg\",\"datePublished\":\"2024-02-08T08:44:21+00:00\",\"dateModified\":\"2026-04-29T05:42:11+00:00\",\"breadcrumb\":{\"@id\":\"https:\/\/kinnunen.fi\/tuote\/reikavalkki-115cm\/#breadcrumb\"},\"inLanguage\":\"en-GB\",\"potentialAction\":[{\"@type\":\"ReadAction\",\"target\":[\"https:\/\/kinnunen.fi\/tuote\/reikavalkki-115cm\/\"]}]},{\"@type\":\"ImageObject\",\"inLanguage\":\"en-GB\",\"@id\":\"https:\/\/kinnunen.fi\/tuote\/reikavalkki-115cm\/#primaryimage\",\"url\":\"https:\/\/kinnunen.fi\/wp-content\/uploads\/2024\/02\/donitsi_115cm_group.jpg\",\"contentUrl\":\"https:\/\/kinnunen.fi\/wp-content\/uploads\/2024\/02\/donitsi_115cm_group.jpg\",\"width\":1500,\"height\":1500},{\"@type\":\"BreadcrumbList\",\"@id\":\"https:\/\/kinnunen.fi\/tuote\/reikavalkki-115cm\/#breadcrumb\",\"itemListElement\":[{\"@type\":\"ListItem\",\"position\":1,\"name\":\"Etusivu\",\"item\":\"https:\/\/kinnunen.fi\/\"},{\"@type\":\"ListItem\",\"position\":2,\"name\":\"Kaikki tuotteet\",\"item\":\"https:\/\/kinnunen.fi\/kauppa\/\"},{\"@type\":\"ListItem\",\"position\":3,\"name\":\"Tarvikkeet\",\"item\":\"https:\/\/kinnunen.fi\/tuote-osasto\/tarvikkeet\/\"},{\"@type\":\"ListItem\",\"position\":4,\"name\":\"Reik\u00e4valkki, 11,5cm, eri v\u00e4rej\u00e4\"}]},{\"@type\":\"WebSite\",\"@id\":\"https:\/\/kinnunen.fi\/#website\",\"url\":\"https:\/\/kinnunen.fi\/\",\"name\":\"Kinnunen\",\"description\":\"\",\"potentialAction\":[{\"@type\":\"SearchAction\",\"target\":{\"@type\":\"EntryPoint\",\"urlTemplate\":\"https:\/\/kinnunen.fi\/?s={search_term_string}\"},\"query-input\":\"required name=search_term_string\"}],\"inLanguage\":\"en-GB\"}]}<\/script>\n<!-- \/ Yoast SEO plugin. -->","yoast_head_json":{"title":"Reik\u00e4valkki, 11,5cm, eri v\u00e4rej\u00e4 - Kinnunen","robots":{"index":"index","follow":"follow","max-snippet":"max-snippet:-1","max-image-preview":"max-image-preview:large","max-video-preview":"max-video-preview:-1"},"canonical":"https:\/\/kinnunen.fi\/en\/product\/reikavalkki-115cm\/","og_locale":"en_GB","og_type":"article","og_title":"Reik\u00e4valkki, 11,5cm, eri v\u00e4rej\u00e4 - Kinnunen","og_description":"Tee t\u00e4ydellinen balleriinanuttura! T\u00e4m\u00e4 suosittu valkki on muotoiltu donitsin muotoiseksi. Asettele valkki ponnarin juureen ja levit\u00e4 hiukset sen p\u00e4\u00e4lle, jonka j\u00e4lkeen latvat kiinnitet\u00e4\u00e4n pinneill\u00e4 nutturan juureen. Reik\u00e4valkin halkaisija 11,5 cm.","og_url":"https:\/\/kinnunen.fi\/en\/product\/reikavalkki-115cm\/","og_site_name":"Kinnunen","article_modified_time":"2026-04-29T05:42:11+00:00","og_image":[{"width":1500,"height":1500,"url":"https:\/\/kinnunen.fi\/wp-content\/uploads\/2024\/02\/donitsi_115cm_group.jpg","type":"image\/jpeg"}],"twitter_card":"summary_large_image","schema":{"@context":"https:\/\/schema.org","@graph":[{"@type":"WebPage","@id":"https:\/\/kinnunen.fi\/tuote\/reikavalkki-115cm\/","url":"https:\/\/kinnunen.fi\/tuote\/reikavalkki-115cm\/","name":"Reik\u00e4valkki, 11,5cm, eri v\u00e4rej\u00e4 - Kinnunen","isPartOf":{"@id":"https:\/\/kinnunen.fi\/#website"},"primaryImageOfPage":{"@id":"https:\/\/kinnunen.fi\/tuote\/reikavalkki-115cm\/#primaryimage"},"image":{"@id":"https:\/\/kinnunen.fi\/tuote\/reikavalkki-115cm\/#primaryimage"},"thumbnailUrl":"https:\/\/kinnunen.fi\/wp-content\/uploads\/2024\/02\/donitsi_115cm_group.jpg","datePublished":"2024-02-08T08:44:21+00:00","dateModified":"2026-04-29T05:42:11+00:00","breadcrumb":{"@id":"https:\/\/kinnunen.fi\/tuote\/reikavalkki-115cm\/#breadcrumb"},"inLanguage":"en-GB","potentialAction":[{"@type":"ReadAction","target":["https:\/\/kinnunen.fi\/tuote\/reikavalkki-115cm\/"]}]},{"@type":"ImageObject","inLanguage":"en-GB","@id":"https:\/\/kinnunen.fi\/tuote\/reikavalkki-115cm\/#primaryimage","url":"https:\/\/kinnunen.fi\/wp-content\/uploads\/2024\/02\/donitsi_115cm_group.jpg","contentUrl":"https:\/\/kinnunen.fi\/wp-content\/uploads\/2024\/02\/donitsi_115cm_group.jpg","width":1500,"height":1500},{"@type":"BreadcrumbList","@id":"https:\/\/kinnunen.fi\/tuote\/reikavalkki-115cm\/#breadcrumb","itemListElement":[{"@type":"ListItem","position":1,"name":"Etusivu","item":"https:\/\/kinnunen.fi\/"},{"@type":"ListItem","position":2,"name":"Kaikki tuotteet","item":"https:\/\/kinnunen.fi\/kauppa\/"},{"@type":"ListItem","position":3,"name":"Tarvikkeet","item":"https:\/\/kinnunen.fi\/tuote-osasto\/tarvikkeet\/"},{"@type":"ListItem","position":4,"name":"Reik\u00e4valkki, 11,5cm, eri v\u00e4rej\u00e4"}]},{"@type":"WebSite","@id":"https:\/\/kinnunen.fi\/#website","url":"https:\/\/kinnunen.fi\/","name":"Kinnunen","description":"","potentialAction":[{"@type":"SearchAction","target":{"@type":"EntryPoint","urlTemplate":"https:\/\/kinnunen.fi\/?s={search_term_string}"},"query-input":"required name=search_term_string"}],"inLanguage":"en-GB"}]}},"_links":{"self":[{"href":"https:\/\/kinnunen.fi\/en\/wp-json\/wp\/v2\/product\/34511"}],"collection":[{"href":"https:\/\/kinnunen.fi\/en\/wp-json\/wp\/v2\/product"}],"about":[{"href":"https:\/\/kinnunen.fi\/en\/wp-json\/wp\/v2\/types\/product"}],"replies":[{"embeddable":true,"href":"https:\/\/kinnunen.fi\/en\/wp-json\/wp\/v2\/comments?post=34511"}],"wp:featuredmedia":[{"embeddable":true,"href":"https:\/\/kinnunen.fi\/en\/wp-json\/wp\/v2\/media\/34536"}],"wp:attachment":[{"href":"https:\/\/kinnunen.fi\/en\/wp-json\/wp\/v2\/media?parent=34511"}],"wp:term":[{"taxonomy":"product_cat","embeddable":true,"href":"https:\/\/kinnunen.fi\/en\/wp-json\/wp\/v2\/product_cat?post=34511"},{"taxonomy":"product_tag","embeddable":true,"href":"https:\/\/kinnunen.fi\/en\/wp-json\/wp\/v2\/product_tag?post=34511"}],"curies":[{"name":"wp","href":"https:\/\/api.w.org\/{rel}","templated":true}]}}

<!-- This site is optimized with the Yoast SEO plugin v23.3 - https://yoast.com/wordpress/plugins/seo/ -->
<title>Reikävalkki, 11,5cm, eri värejä - Kinnunen</title>
<meta name="robots" content="index, follow, max-snippet:-1, max-image-preview:large, max-video-preview:-1" />
<link rel="canonical" href="https://kinnunen.fi/en/product/reikavalkki-115cm/" />
<meta property="og:locale" content="en_GB" />
<meta property="og:type" content="article" />
<meta property="og:title" content="Reikävalkki, 11,5cm, eri värejä - Kinnunen" />
<meta property="og:description" content="Tee täydellinen balleriinanuttura! Tämä suosittu valkki on muotoiltu donitsin muotoiseksi. Asettele valkki ponnarin juureen ja levitä hiukset sen päälle, jonka jälkeen latvat kiinnitetään pinneillä nutturan juureen. Reikävalkin halkaisija 11,5 cm." />
<meta property="og:url" content="https://kinnunen.fi/en/product/reikavalkki-115cm/" />
<meta property="og:site_name" content="Kinnunen" />
<meta property="article:modified_time" content="2026-04-29T05:42:11+00:00" />
<meta property="og:image" content="https://kinnunen.fi/wp-content/uploads/2024/02/donitsi_115cm_group.jpg" />
	<meta property="og:image:width" content="1500" />
	<meta property="og:image:height" content="1500" />
	<meta property="og:image:type" content="image/jpeg" />
<meta name="twitter:card" content="summary_large_image" />
<script type="application/ld+json" class="yoast-schema-graph">{"@context":"https://schema.org","@graph":[{"@type":"WebPage","@id":"https://kinnunen.fi/tuote/reikavalkki-115cm/","url":"https://kinnunen.fi/tuote/reikavalkki-115cm/","name":"Reikävalkki, 11,5cm, eri värejä - Kinnunen","isPartOf":{"@id":"https://kinnunen.fi/#website"},"primaryImageOfPage":{"@id":"https://kinnunen.fi/tuote/reikavalkki-115cm/#primaryimage"},"image":{"@id":"https://kinnunen.fi/tuote/reikavalkki-115cm/#primaryimage"},"thumbnailUrl":"https://kinnunen.fi/wp-content/uploads/2024/02/donitsi_115cm_group.jpg","datePublished":"2024-02-08T08:44:21+00:00","dateModified":"2026-04-29T05:42:11+00:00","breadcrumb":{"@id":"https://kinnunen.fi/tuote/reikavalkki-115cm/#breadcrumb"},"inLanguage":"en-GB","potentialAction":[{"@type":"ReadAction","target":["https://kinnunen.fi/tuote/reikavalkki-115cm/"]}]},{"@type":"ImageObject","inLanguage":"en-GB","@id":"https://kinnunen.fi/tuote/reikavalkki-115cm/#primaryimage","url":"https://kinnunen.fi/wp-content/uploads/2024/02/donitsi_115cm_group.jpg","contentUrl":"https://kinnunen.fi/wp-content/uploads/2024/02/donitsi_115cm_group.jpg","width":1500,"height":1500},{"@type":"BreadcrumbList","@id":"https://kinnunen.fi/tuote/reikavalkki-115cm/#breadcrumb","itemListElement":[{"@type":"ListItem","position":1,"name":"Etusivu","item":"https://kinnunen.fi/"},{"@type":"ListItem","position":2,"name":"Kaikki tuotteet","item":"https://kinnunen.fi/kauppa/"},{"@type":"ListItem","position":3,"name":"Tarvikkeet","item":"https://kinnunen.fi/tuote-osasto/tarvikkeet/"},{"@type":"ListItem","position":4,"name":"Reikävalkki, 11,5cm, eri värejä"}]},{"@type":"WebSite","@id":"https://kinnunen.fi/#website","url":"https://kinnunen.fi/","name":"Kinnunen","description":"","potentialAction":[{"@type":"SearchAction","target":{"@type":"EntryPoint","urlTemplate":"https://kinnunen.fi/?s={search_term_string}"},"query-input":"required name=search_term_string"}],"inLanguage":"en-GB"}]}</script>
<!-- / Yoast SEO plugin. -->

Reikävalkki, 11,5cm, eri värejä - Kinnunen

Tee täydellinen balleriinanuttura! Tämä suosittu valkki on muotoiltu donitsin muotoiseksi. Asettele valkki ponnarin juureen ja levitä hiukset sen päälle, jonka jälkeen latvat kiinnitetään pinneillä nutturan juureen. Reikävalkin halkaisija 11,5 cm.

Reikävalkki, 11,5cm, eri värejä
